{"id":147,"date":"2021-11-12T12:02:01","date_gmt":"2021-11-12T11:02:01","guid":{"rendered":"http:\/\/drsheijmans.be\/?page_id=147"},"modified":"2025-12-08T12:06:22","modified_gmt":"2025-12-08T12:06:22","slug":"vous-ne-parvenez-pas-a-prendre-rendez-vous-2","status":"publish","type":"page","link":"https:\/\/medi-toussaint.be\/index.php\/vous-ne-parvenez-pas-a-prendre-rendez-vous-2\/","title":{"rendered":"Vous ne parvenez pas \u00e0 prendre rendez-vous"},"content":{"rendered":"\n<div class=\"wp-block-columns is-layout-flex wp-container-core-columns-is-layout-9d6595d7 wp-block-columns-is-layout-flex\">\n<div class=\"wp-block-column is-layout-flow wp-block-column-is-layout-flow\" style=\"flex-basis:25%\">\n<div class=\"wp-block-buttons is-content-justification-right is-layout-flex wp-container-core-buttons-is-layout-e6df00e8 wp-block-buttons-is-layout-flex\"><\/div>\n<\/div>\n\n\n\n<div class=\"wp-block-column is-layout-flow wp-block-column-is-layout-flow\" style=\"flex-basis:66.66%\">\n<ul style=\"background-color:#4db8aa\" class=\"wp-block-list has-white-color has-text-color has-background has-normal-font-size\">\n<li class=\"has-white-color has-text-color has-link-color wp-elements-5e11d0c12f30d8962f6180112c5100ef\" style=\"font-size:20px\"><span style=\"text-decoration: underline;\">Pour les nouveaux patients, veuillez nous t\u00e9l\u00e9phoner au 02\/425.03.50. N&rsquo;oubliez pas votre carte d&rsquo;identit\u00e9.<\/span><\/li>\n\n\n\n<li class=\"has-white-color has-text-color has-link-color wp-elements-b08b499e77e704c4072f215f1d212e74\" style=\"font-size:20px\">Si vous voulez refaire un rendez-vous, vous devez d&rsquo;abord annuler votre rendez-vous actuel. Pour se faire cliquer sur le lien ci-dessous.<\/li>\n\n\n\n<li class=\"has-white-color has-text-color has-link-color wp-elements-a5dad0564a49d30b58fc039334a35505\" style=\"font-size:20px\">Votre nom, pr\u00e9nom, num\u00e9ro de GSM et adresse e-mail doivent correspondre avec les donn\u00e9es que nous avons.<\/li>\n\n\n\n<li class=\"has-white-color has-text-color has-link-color wp-elements-54f3e019ecf572e10e230a4522589d9b\" style=\"font-size:20px\"> V\u00e9rifiez que vous n&rsquo;avez pas fait de fautes de frappe.<\/li>\n\n\n\n<li class=\"has-white-color has-text-color has-link-color wp-elements-aa0f65353eb88ccf497f1aaa2730f78b\" style=\"font-size:20px\">En cas de probl\u00e8me, envoyez \u00e0 meditoussaint@gmail.com votre nom, pr\u00e9nom, num\u00e9ro de GSM et e-mail.<\/li>\n\n\n\n<li class=\"has-white-color has-text-color has-link-color wp-elements-83cabf9df29c893fee22b1c0097ec97e\" style=\"font-size:20px\">T\u00e9l\u00e9phonez-nous au 02\/425.03.50 en cas d&rsquo;urgence.<\/li>\n<\/ul>\n<\/div>\n<\/div>\n\n\n\n<div class=\"wp-block-columns is-layout-flex wp-container-core-columns-is-layout-9d6595d7 wp-block-columns-is-layout-flex\">\n<div class=\"wp-block-column is-layout-flow wp-block-column-is-layout-flow\">\n<div class=\"wp-block-buttons is-content-justification-left is-layout-flex wp-container-core-buttons-is-layout-fdcfc74e wp-block-buttons-is-layout-flex\">\n<div class=\"wp-block-button has-custom-width wp-block-button__width-100\"><a class=\"wp-block-button__link has-white-color has-vivid-red-background-color has-text-color has-background has-link-color wp-element-button\" href=\"https:\/\/progenda.be\/centers\/anne-sophie-heijmans\/reminder\/new\" style=\"border-radius:15px\">V\u00e9rifier ou modifier un rendez-vous<\/a><\/div>\n<\/div>\n<\/div>\n\n\n\n<div class=\"wp-block-column is-layout-flow wp-block-column-is-layout-flow\">\n<div class=\"wp-block-buttons is-content-justification-center is-layout-flex wp-container-core-buttons-is-layout-16018d1d wp-block-buttons-is-layout-flex\">\n<div class=\"wp-block-button\"><a class=\"wp-block-button__link has-white-color has-vivid-red-background-color has-text-color has-background has-link-color wp-element-button\" href=\"https:\/\/medi-toussaint.be\/\" style=\"border-radius:15px\">Retour \u00e0 prendre un rendez-vous<\/a><\/div>\n<\/div>\n<\/div>\n\n\n\n<div class=\"wp-block-column is-layout-flow wp-block-column-is-layout-flow\">\n<div class=\"wp-block-buttons is-layout-flex wp-block-buttons-is-layout-flex\">\n<div class=\"wp-block-button\"><a class=\"wp-block-button__link has-white-color has-vivid-red-background-color has-text-color has-background has-link-color wp-element-button\" href=\"https:\/\/medi-toussaint.be\/?page_id=131\" style=\"border-radius:15px\">Horaires et nous contacter<\/a><\/div>\n<\/div>\n<\/div>\n<\/div>\n\n\n\n<div class=\"wp-block-columns is-layout-flex wp-container-core-columns-is-layout-9d6595d7 wp-block-columns-is-layout-flex\">\n<div class=\"wp-block-column is-layout-flow wp-block-column-is-layout-flow\" style=\"flex-basis:33.33%\"><\/div>\n\n\n\n<div class=\"wp-block-column is-layout-flow wp-block-column-is-layout-flow\" style=\"flex-basis:66.66%\">\n<div class=\"wp-block-buttons is-layout-flex wp-block-buttons-is-layout-flex\"><\/div>\n<\/div>\n<\/div>\n\n\n\n<div class=\"wp-block-columns is-layout-flex wp-container-core-columns-is-layout-9d6595d7 wp-block-columns-is-layout-flex\">\n<div class=\"wp-block-column is-layout-flow wp-block-column-is-layout-flow\" style=\"flex-basis:33.33%\"><\/div>\n\n\n\n<div class=\"wp-block-column is-layout-flow wp-block-column-is-layout-flow\" style=\"flex-basis:66.66%\"><\/div>\n<\/div>\n\n\n\n<p><\/p>\n","protected":false},"excerpt":{"rendered":"","protected":false},"author":1,"featured_media":0,"parent":0,"menu_order":0,"comment_status":"closed","ping_status":"closed","template":"","meta":{"footnotes":""},"class_list":["post-147","page","type-page","status-publish","hentry"],"_links":{"self":[{"href":"https:\/\/medi-toussaint.be\/index.php\/wp-json\/wp\/v2\/pages\/147","targetHints":{"allow":["GET"]}}],"collection":[{"href":"https:\/\/medi-toussaint.be\/index.php\/wp-json\/wp\/v2\/pages"}],"about":[{"href":"https:\/\/medi-toussaint.be\/index.php\/wp-json\/wp\/v2\/types\/page"}],"author":[{"embeddable":true,"href":"https:\/\/medi-toussaint.be\/index.php\/wp-json\/wp\/v2\/users\/1"}],"replies":[{"embeddable":true,"href":"https:\/\/medi-toussaint.be\/index.php\/wp-json\/wp\/v2\/comments?post=147"}],"version-history":[{"count":8,"href":"https:\/\/medi-toussaint.be\/index.php\/wp-json\/wp\/v2\/pages\/147\/revisions"}],"predecessor-version":[{"id":624,"href":"https:\/\/medi-toussaint.be\/index.php\/wp-json\/wp\/v2\/pages\/147\/revisions\/624"}],"wp:attachment":[{"href":"https:\/\/medi-toussaint.be\/index.php\/wp-json\/wp\/v2\/media?parent=147"}],"curies":[{"name":"wp","href":"https:\/\/api.w.org\/{rel}","templated":true}]}}